2 + 6*s + 121. What is the units digit of o(0)?
1
Let y be 10*(-3 + 31/1). Let n be (-297)/(-12) + (-1)/(-4). Suppose 0 = i + 5*b - 91, -5*i + y = -5*b - n. What is the tens digit of i?
6
Suppose -5*i - 4*h = -3*h - 110, 2*i = 5*h + 17. Let g = 350 - 336. Let m = i - g. What is the units digit of m?
7
Suppose 2*r + 8720 = 3*s, 6*r - 7*r = -3*s + 8725. What is the hundreds digit of s?
9
Suppose 5*y - 17 = -2*p + 24, 5*y = 25. Suppose -3*m - 5*s + p = 0, m = 2*m + 5*s + 4. What is the units digit of m?
6
Suppose -3*s + 21*s = 54. Suppose -4*h + 1039 = -2*o + 7*o, 3*o - 618 = s*h. What is the units digit of o?
7
Suppose 530 = c + c - 4*f, 2*c + 2*f = 560. What is the tens digit of c?
7
Let b(v) = 5*v**2 + 94*v - 17. What is the units digit of b(-24)?
7
Let i(l) = 3*l**2 + 7*l + 1. Let y be i(-4). Suppose -u + 14 = -y. What is the units digit of u?
5
Let o(q) = 3*q**3 + q**2 - 2*q + 2. Let k be o(1). What is the tens digit of 22 + (12/k)/3?
2
What is the tens digit of (-5 + 6)*1 + 466?
6
Let c(f) = 4*f + 3. Let z = 23 + -17. What is the tens digit of c(z)?
2
Suppose -5*v = 92*a - 88*a - 14613, a - 11686 = -4*v. What is the hundreds digit of v?
9
Suppose q + 3*r + 524 = 2*q, 5*q - 2690 = r. Suppose -2*w + 206 = 4*v, 0*w + q = 5*w + 2*v. What is the tens digit of w?
0
Suppose -25553 = -17*y - 1464. What is the hundreds digit of y?
4
Let l = 718 + -492. Suppose 5*f = -4*x + 197, -4*x + l = -f + 35. What is the tens digit of x?
4
Let n(v) = 7*v**2 - 4*v - 7. Let m be n(-2). Suppose 0 = -3*l - 2*c + 6*c + m, 19 = l + c. What is the tens digit of l?
1
Let c = -40 + 58. Let q(m) = 12*m - 32. What is the hundreds digit of q(c)?
1
Let t = 1313 - 937. What is the units digit of t?
6
Suppose -3*d - 654 = -3*r, -r + 5*d = 6*d - 210. What is the tens digit of r?
1
Let c be 3/(-6)*(-1 + 1). Suppose c = -3*o - 18 - 51. What is the units digit of (4/(-4))/1*o?
3
Let i = 293 - -359. What is the tens digit of i?
5
Suppose -y + 403 = -4*a, 0 = -13*y + 10*y - a + 1183. What is the units digit of y?
5
Let g(r) = 196*r**3 - r**2 + r. Let w be g(1). Suppose 0 = 5*x - 971 + w. What is the tens digit of x?
5
Let o(z) = -9*z**2 + 16*z - 12. Let t(g) = -g + 1. Let m be t(6). Let f(i) = 5*i**2 - 8*i + 6. Let v(y) = m*f(y) - 3*o(y). What is the units digit of v(5)?
6
Let q(n) = n**3 + 16*n**2 - 6*n - 31. Let t be q(-16). Let v = 154 - t. What is the tens digit of v?
8
Let w(v) = -5*v + 12 - 5 + 4*v. Let u be w(7). Suppose 0 = 2*z - 3*x + 4*x - 39, u = -3*z - 5*x + 76. What is the tens digit of z?
1
Let x = -970 + 2283. What is the tens digit of x?
1
Suppose 14*o + 5*o = 86697. What is the units digit of o?
3
Let n be ((-6)/(-21) - 0)*7. Suppose -2*q = -v - 11, -4*v = 4*q - 3*v - 7. Suppose -j + n*b + 17 = -2*b, 0 = q*j + 3*b - 66. What is the tens digit of j?
2
Let b(l) = 8*l**2 + 41*l. What is the units digit of b(17)?
9
Let q(o) = 56*o**2 - 3*o + 1. Let r(x) = -x**3 + 6*x**2 + x - 5. Let i be r(6). What is the units digit of q(i)?
4
Suppose -2*s - 3*p = 0, -s - 6*p + p = 0. Let x(v) = -v + 86. What is the units digit of x(s)?
6
Suppose 48*a = 43*a. Suppose -d - x + 100 = a, -x = -d - 2*d + 300. What is the units digit of d?
0
Suppose -3*u + 385 = -263. What is the units digit of u?
6
Let s(g) = g**3 + 4*g**2 + 6. Let z = -71 + 67. What is the units digit of s(z)?
6
Suppose -6*f - 217 = 797. Let i = 270 + f. What is the hundreds digit of i?
1
Let b(w) = -7*w**3 - 1 + 0*w**3 + 2*w**3 + w - w**2. Let u be b(1). What is the units digit of (38/6)/((-2)/u)?
9
Let g be (-613)/(-3) + 2/(-6). Let u = g - 318. What is the tens digit of 4/(-14) - u/7?
1
Let g = -39 + 45. Suppose 242 + 232 = g*r. What is the tens digit of r?
7
Suppose -22 = -2*t + 10. Let s = -14 + t. Suppose 2*p + 5*d = 3*p - 51, 3*d = -s*p + 37. What is the tens digit of p?
2
Let u = 2022 + -908. What is the tens digit of u?
1
Suppose -4*g + 4 = -24. Let k = -30 + g. Let w = k - -38. What is the tens digit of w?
1
Let n = -183 - -582. What is the units digit of n?
9
Suppose -2*u - 9 = -5*u. Suppose u*o - 148 = -52. What is the tens digit of o?
3
Suppose 0 = -9*x + 2*x. Suppose q = -x*q - 4*d + 4, 0 = 5*d. Suppose 3*s = s - 8, -3*s - 108 = -q*a. What is the tens digit of a?
2
Let i(z) be the first derivative of -z**4/4 + 8*z**3/3 + 11*z**2/2 - 28*z + 24. What is the tens digit of i(8)?
6
Suppose 3 = -3*s - 12, -p + 3*s = 0. What is the tens digit of -10*(p - -3 - -4)?
8
Suppose 31*o = 33*o - 522. What is the units digit of o?
1
Let y = 253 - 108. Suppose 0 = -2*u + y + 173. What is the tens digit of u?
5
Suppose -3*j + 4*z = -j - 6, -2*j + 8 = -3*z. Let n be 7*2*(j - 8). Let q = 22 + n. What is the units digit of q?
8
Let p(f) = -4*f. Let w be p(3). What is the units digit of (-216)/w*(-10)/(-3)?
0
Let g = 70 - -5. Let f = g - 51. What is the units digit of f?
4
Suppose -3*o - 5 + 2 = -3*v, 3*o = -5*v + 21. Suppose 4*i = 2*i + 2. Suppose 10 + i = d + r, 0 = r - v. What is the units digit of d?
8
Let i(k) be the third derivative of k**6/120 - k**5/10 + k**4/12 - k**3/2 - 11*k**2. Let c be i(6). Suppose -c*b + 12*b = 168. What is the units digit of b?
6
Suppose -o - o + k - 26 = 0, 5*o + 2*k + 56 = 0. Let i be -2*o/(-8) - -6. Suppose 5*u - z - 80 = 0, i*z + 21 = u - 9. What is the tens digit of u?
1
Suppose g + 4 = 3*v, 7 - 17 = -g - 4*v. Suppose -4*q - 5*h - 26 = 2, -h = -g*q - 28. What is the units digit of (-2 + (-52)/q)*3?
7
What is the units digit of 7395/15 - 1/1?
2
Suppose -w + 2*v - 9 = -3, -3*w + v - 8 = 0. Let x be ((-16)/w)/((-8)/(-4)). Suppose -2*n - 121 = -x*n - 3*q, -114 = -2*n + 4*q. What is the units digit of n?
9
Let f be (2502/(-54))/(2/(-36)). Suppose -9*u = 60 - f. What is the tens digit of u?
8
Suppose 7*p - 231 = -0*p. Suppose -p*d = -39*d + 300. What is the units digit of d?
0
Suppose -13*f + 20352 = 5259. What is the units digit of f?
1
Let j = -6 + 7. Let a be ((-1)/j)/((-2)/8). Suppose 2*o - 54 = 4*k, a*k - 66 - 18 = -4*o. What is the units digit of o?
3
Suppose 2*u - 3*u = -4*h - 40, 3*h + u + 30 = 0. Let r(z) = z**3 + 12*z**2 + 11*z + 2. What is the tens digit of r(h)?
9
Let c(v) = -v**3 - 12*v**2 + 12. Let k = 3 - 15. What is the tens digit of c(k)?
1
Let s = -1864 + 3758. What is the thousands digit of s?
1
Let m(f) be the second derivative of f**5/20 - 2*f**4/3 - 7*f**3/6 - 6*f**2 + 10*f. Let z be m(9). What is the tens digit of (28/(-7))/(z/(-21))?
1
Let l(t) = 5*t**3 + 3*t - 3. Let z be l(1). What is the units digit of ((-9)/z)/(36/(-300))?
5
Let g(o) = 27*o**2 + o. Let t(y) = 2*y - 5. Suppose 0 + 3 = d. Let c be t(d). What is the units digit of g(c)?
8
Suppose 0 = z + 2*z - 84. Suppose -4*f - 6*w - z = -3*w, -5*w + 20 = 0. Let j = 25 + f. What is the tens digit of j?
1
Suppose 5 = -0*v + 2*v - g, -3*g = 3. Let i(d) = d + 1. Let s be i(-4). What is the units digit of (s/v)/(24/(-512))?
2
Suppose 3*x - 127 = -5*g, -5*g + 2*x - 4*x + 123 = 0. Suppose g = -4*u + 211. What is the units digit of u?
7
Suppose 20 = 10*i - 0*i. Suppose -3*t + 15 - i = a, -5*t = 3*a - 27. What is the units digit of a?
4
Let i(y) = -143*y + 35. What is the tens digit of i(-3)?
6
Let p(o) = -o**2 + 8*o - 8. Let i be p(6). Suppose 0*f = i*f - 592. Suppose 3*n - f = -n. What is the units digit of n?
7
Let d(s) = 25*s + 5. Let o be d(4). Suppose 3*n + 0*n = o. What is the tens digit of n?
3
Suppose 18*z = -3224 + 20180. What is the hundreds digit of z?
9
Let q(z) be the first derivative of z**5/60 - z**4/8 + z**3/6 + 3*z**2/2 - 2. Let n(c) be the second derivative of q(c). What is the units digit of n(-4)?
9
Let c(q) = q**2 + 2*q + 2. Let a be c(-3). Suppose -3*l - 4*m = -96, l + 0 - 43 = -a*m. What is the units digit of l?
8
Let n = 9001 - 5915. What is the tens digit of n?
8
Let l(w) = -33*w - 2. Let k(f) = -66*f - 3. Let a(j) = 3*k(j) - 5*l(j). What is the units digit of a(-2)?
7
Suppose -4*o - 5*r + 4 = -6, 5*o = 2*r - 4. Let w be o + (-1)/2*-10. Suppose w*q + 4*i - 158 = 0, q = i - 3 + 31. What is the units digit of q?
0
Suppose -c = -2*c - 5*o - 17, 4 = 3*c + 4*o. Suppose -11*v - c = -15*v. Suppose 5*f - v*j + 6*j = 22, -4*f - 2*j = -14. What is the units digit of f?
2
Suppose 14 = n + 110. Let q = -68 - n. What is the tens digit of q?
2
Let v(n) = -n**2 + 4*n + 4. Let w = 10 + -6. Let t be v(w). Let g(x) =